 - c = -7204. Suppose 0 = -3*r + 2*r + 37. Calculate the highest common divisor of r and u.
37
Let d(n) = 80*n - 2. Let z be d(-3). Let s = z + 123. Let j = 336 + s. What is the highest common divisor of 31 and j?
31
Let h = -57 + 60. Suppose 5*z + 49 = 4*d, 3*d - h*z = -2*z + 34. What is the greatest common factor of 143 and d?
11
Suppose -11 - 9 = -5*v. Let j = -1002 - -1033. Suppose -289 = -j*b + 207. What is the greatest common divisor of b and v?
4
Let t = -14675 - -17006. What is the highest common divisor of t and 3367?
259
Suppose 5*p = q - 84, -q + 30*p - 33*p = -84. What is the greatest common factor of q and 35?
7
Suppose 279 = 5*r + 2*b, 38 + 34 = r - 5*b. Let l = -219 + 447. What is the highest common divisor of l and r?
57
Suppose 3*q = -4*k + 1737, 0 = 43*k - 44*k - 3*q + 441. Calculate the highest common factor of k and 11556.
108
Suppose -3*n - 288 = -4*x - 1, x - 75 = 4*n. What is the greatest common divisor of 2627 and x?
71
Let h be (0 - 28)/((-104)/(-12) - 10). Suppose -h*i = -16*i - 770. Calculate the greatest common divisor of i and 21.
7
Let g be 2/3 + 8 + 288/(-27). Let a be (((-204)/(-15))/(22/(-55)))/g. Let l be 6*(1 - (-14)/3). What is the greatest common divisor of a and l?
17
Suppose 182 = -10*x - 16*x. Let s(q) = q**2 - 11*q - 111. Let y be s(x). What is the greatest common divisor of 405 and y?
15
Let h = -61 + 103. Suppose -3*d = j - h, 3*d - 4*j = d + 42. Calculate the highest common factor of d and 5.
5
Let x(j) = 18*j**2 - 23*j + 23. Let q(o) = -10*o**2 + 12*o - 12. Let f(i) = -5*q(i) - 2*x(i). Let h be f(1). Calculate the greatest common factor of 16 and h.
2
Let q(l) = -12*l - 3. Let p be q(-4). Suppose -27*m + 726 = -192. Let k = p - m. Calculate the highest common divisor of k and 99.
11
Suppose -460 = -106*f + 812. Calculate the highest common factor of f and 972.
12
Suppose -i + 16 = 42. Let h be (i/(-10))/(12/120). Calculate the greatest common divisor of h and 13.
13
Suppose 4*t - 219 = 2*m + 187, 3*t - m = 301. What is the highest common divisor of 10 and t?
2
Let s = -11755 - -12238. Calculate the greatest common factor of 1311 and s.
69
Let c = 20092 + -20052. Calculate the highest common factor of c and 8640.
40
Suppose 3*b + 42497 = 4205. Let t = 8079 + b. Let k be t/(-55) - 2/11. What is the highest common divisor of k and 17?
17
Let m = 310 + -310. Suppose m = 4*b - 0*n + 2*n - 434, n = 1. What is the highest common factor of b and 8?
4
Let w(f) = -95*f + 3*f**2 + 2 + 189*f - 102*f. Let x be w(12). Calculate the highest common factor of 26 and x.
26
Let t(z) = -z + 2. Let c(w) = -w + 11. Let g = -15 - -9. Let o(j) = g*t(j) - 2*c(j). Let i be o(5). Calculate the greatest common factor of i and 48.
6
Suppose -4*p + 5*r = -6340, 19*r - 17*r = -5*p + 7892. Calculate the highest common factor of 40 and p.
20
Suppose 12 = 6*s - 12. Suppose -17*k = -s*k - 156. What is the greatest common divisor of 224 and k?
4
Let h = -130 + 235. Let a be (12/21)/(15/h). Calculate the highest common divisor of a and 18.
2
Let a(z) = z**2 - 61*z + 1075. Let n be a(24). What is the greatest common factor of n and 51?
17
Let d = 13 + -13. Let v be d + (-7 - -2) + 3 + 289. What is the highest common divisor of 82 and v?
41
Suppose -3*h + 1091 = -15*r + 20*r, h = 5*r - 1103. Let t be 356/16 - (-2)/(-8). What is the greatest common divisor of r and t?
22
Suppose -2*b + 3*a = 2*a - 2298, -a = 0. Let o = -1138 + b. Let g(m) = -16*m - 8. Let d be g(-6). What is the highest common divisor of d and o?
11
Suppose 3*u = 5*u - 28. Suppose 3 = 3*j - 4*i - 41, i - 81 = -5*j. Let a be (-4 - (-108)/(-8))*j/(-10). What is the greatest common factor of u and a?
14
Suppose -79*s - 861 = 17*s + 12483. Suppose -2 = 2*u, j - 27 = -5*u - 204. Let d = s - j. What is the greatest common factor of d and 33?
33
Suppose -56*p - 18589 = -100*p + 39623. What is the greatest common divisor of p and 99?
9
Suppose 168*j + 62804 = -162*j + 249914. Calculate the highest common factor of j and 126.
63
Let u be (-11 - (-90)/8)*1044. Calculate the highest common factor of u and 477.
9
Let l(n) = -n**3 - 8*n**2 - 18*n. Let d = 118 + -128. Let y be l(d). Calculate the greatest common divisor of y and 20.
20
Let j = 69 - 23. Let b be j - (-2*2 + 2). Let s = -1373 + 1385. What is the highest common divisor of b and s?
12
Let m(o) = -4*o - 15. Let k be m(3). Let j be (k - -2)/(2/(-18)). Suppose -20*n + 142 = -358. Calculate the highest common factor of j and n.
25
Let c = 29 - 17. Let u = -7 + 87. Let r = u + -77. What is the highest common factor of c and r?
3
Suppose 15*x - 2*x - 338 = 0. Suppose -x*w = -54*w + 1316. Calculate the greatest common factor of 799 and w.
47
Let u(d) = 2*d**3 - 49*d**2 - 24*d + 164. Let m be u(25). Calculate the highest common divisor of 14 and m.
7
Let a be (0 - -10)/(3/6). Suppose -24*o - 166*o + 9500 = 0. Suppose 3*n + 3*j - o + a = 0, -4*j + 51 = 5*n. What is the highest common factor of n and 44?
11
Let v(q) = -q**2 - 7*q + 6. Let x be (-22)/4 + 0 - (-13)/26. Let p be v(x). Let c be (-8)/4*1 + p. What is the highest common divisor of 28 and c?
14
Let z(i) = -11*i - 19. Let o be z(-2). Suppose -22 = -o*r - 7. Let l = r - -211. What is the greatest common divisor of l and 24?
24
Let f(v) = -29*v + 1997. Let n be f(31). What is the greatest common divisor of 36 and n?
18
Suppose -2*t = 11*t + 7*t - 1280. Suppose 2*i - 2 = 8. Suppose 4*b + t = i*b. Calculate the greatest common factor of b and 8.
8
Let b(m) = 7*m**2 - 16*m - 36. Let i(h) = -8*h + 7. Let v be i(2). Let l be b(v). Calculate the highest common factor of 75 and l.
75
Suppose 0 = -3*u + 3*b - 5*b + 200, 0 = -b - 5. Let g = -103 + 187. Suppose 0 = -0*l - 3*l + g. What is the highest common divisor of l and u?
14
Suppose 3*j - 3605 = -5*d, 0 = 680*j - 676*j + 3*d - 4781. What is the greatest common factor of j and 385?
35
Let g(u) = u**2 - 9. Let x be g(-7). Suppose -58*z + 61*z = -2*n + 139, 289 = 5*n + z. Calculate the highest common factor of x and n.
8
Suppose 23*d - 1137 = 36. Suppose 0*z - 2*z - 54 = 0. Let x = d + z. Calculate the highest common divisor of x and 3.
3
Let d = -17 + 29. Let w be (60/18)/(-2) + (-21)/693*-1639. What is the greatest common factor of d and w?
12
Suppose -4 = -2*m, 5*p - 61*m - 1230 = -66*m. Calculate the highest common factor of 6588 and p.
244
Let x(l) = -l**3 + 4*l**2 + 10*l + 9. Let r(z) = 2*z**2 - z + 1. Let t(s) = r(s) + x(s). Let q be t(6). What is the highest common factor of 240 and q?
16
Let o = 4752 - 4740. What is the highest common factor of 258 and o?
6
Let w(i) = -25*i**2 + 6*i - 7. Let z be w(-3). Let m = -203 - z. Calculate the highest common factor of 47 and m.
47
Let f = 3114 - 3084. Calculate the greatest common divisor of f and 78.
6
Let i(h) = 108*h + 968. Let x be i(-6). What is the highest common factor of x and 104?
8
Suppose 0 = 4*n - x - 8802, 10*n = 12*n - 2*x - 4404. What is the highest common divisor of 33 and n?
11
Let y(z) = -834*z - 88. Let j(x) = 76*x + 8. Let f(c) = 68*j(c) + 6*y(c). Let n be f(4). Calculate the highest common factor of 84 and n.
84
Suppose 2*o - 5832 = -6*o. Suppose -21 = 4*x - 4*n - o, -2 = 2*n. What is the greatest common factor of 154 and x?
22
Suppose 2*q = 259*y - 260*y + 811, -3*y - 409 = -q. What is the highest common divisor of q and 252?
14
Let b(m) = m**3 - 13*m**2 + 39*m - 129. Let p be b(13). What is the greatest common factor of 216 and p?
54
Let s(c) = 3048*c**2 + 54*c + 2. Let w be s(1). What is the highest common factor of w and 32?
32
Suppose -2773*s + 2778*s - 95 = 5*u, 2*s - 20 = 5*u. What is the greatest common divisor of 11 and s?
1
Let v be (-4)/16 - 207/4. Let z = v + 54. Let d(x) = 11*x - 15. Let q be d(z). Calculate the greatest common divisor of 28 and q.
7
Let k be 16/4 + 1 + -6. Let y be (4 - (-10 - -1)) + 1*k. Calculate the highest common factor of y and 114.
6
Let j = 274 - 272. Let p be 1/j + 1104/96. Calculate the greatest common divisor of 3 and p.
3
Suppose 0 = 29*f + 9*f - 1216. Suppose 693 + 1995 = f*d. Let q be (36/(-10))/((-6)/20). What is the highest common factor of d and q?
12
Let n = 35 + -20. Let g(j) = -j - 6. Let r(d) = 2*d + 11. Let f(s) = -7*g(s) - 3*r(s). Let q be f(n). Calculate the highest common factor of 72 and q.
24
Let b = 4